{"id":1216,"date":"2020-07-08T17:23:28","date_gmt":"2020-07-08T22:23:28","guid":{"rendered":"http:\/\/www.esehospitalcimitarra.gov.co\/?page_id=1216"},"modified":"2020-09-18T09:54:52","modified_gmt":"2020-09-18T14:54:52","slug":"rendicion-de-cuentas-2019","status":"publish","type":"page","link":"https:\/\/www.esehospitalcimitarra.gov.co\/index.php\/rendicion-de-cuentas-2019\/","title":{"rendered":"Rendici\u00f3n de Cuentas 2019"},"content":{"rendered":"<p>[vc_row][vc_column][vc_column_text]<\/p>\n<h1 style=\"text-align: center;\">RENDICI\u00d3N DE CUENTAS VIGENCIA 2019<\/h1>\n<p>&nbsp;<\/p>\n<ul>\n<li style=\"text-align: left;\">\n<h1><a href=\"http:\/\/www.esehospitalcimitarra.gov.co\/wp-content\/uploads\/2020\/07\/Invitacion-Rendici\u00f3n-de-cuentas.pdf\">Invitaci\u00f3n Rendici\u00f3n de cuentas vigencia 2019<\/a><\/h1>\n<\/li>\n<li>\n<h1><a href=\"http:\/\/www.esehospitalcimitarra.gov.co\/wp-content\/uploads\/2020\/07\/Reglamento-rendici\u00f3n-de-cuentas.pdf\">Reglamento rendici\u00f3n de cuentas vigencia 2019<\/a><\/h1>\n<\/li>\n<li>\n<h1><a href=\"http:\/\/www.esehospitalcimitarra.gov.co\/wp-content\/uploads\/2020\/07\/Informe-rendici\u00f3n-de-cuentas-2019.pdf\">Informe rendici\u00f3n de cuentas vigencia 2019<\/a><\/h1>\n<\/li>\n<li>\n<h1><a href=\"http:\/\/www.esehospitalcimitarra.gov.co\/wp-content\/uploads\/2020\/09\/Informe-de-evaluacion-de-cuentas-.pdf\">Informe de evaluaci\u00f3n rendici\u00f3n de cuentas vigencia 2019<\/a><\/h1>\n<\/li>\n<li>\n<h1><a href=\"http:\/\/www.esehospitalcimitarra.gov.co\/wp-content\/uploads\/2020\/09\/Acta-rendici\u00f3n-de-cuentas-2019.pdf\">Acta rendici\u00f3n de cuentas vigencia 2019<\/a><\/h1>\n<\/li>\n<\/ul>\n<p>[\/vc_column_text][\/vc_column][\/vc_row]<\/p>\n","protected":false},"excerpt":{"rendered":"<p>[vc_row][vc_column][vc_column_text] RENDICI\u00d3N DE CUENTAS VIGENCIA 2019 &nbsp; Invitaci\u00f3n Rendici\u00f3n de cuentas vigencia 2019 Reglamento rendici\u00f3n de cuentas vigencia 2019 Informe rendici\u00f3n de cuentas vigencia 2019 Informe de evaluaci\u00f3n rendici\u00f3n de [&hellip;]<\/p>\n","protected":false},"author":1,"featured_media":0,"parent":0,"menu_order":0,"comment_status":"closed","ping_status":"closed","template":"","meta":{"footnotes":""},"class_list":["post-1216","page","type-page","status-publish","hentry"],"_links":{"self":[{"href":"https:\/\/www.esehospitalcimitarra.gov.co\/index.php\/wp-json\/wp\/v2\/pages\/1216","targetHints":{"allow":["GET"]}}],"collection":[{"href":"https:\/\/www.esehospitalcimitarra.gov.co\/index.php\/wp-json\/wp\/v2\/pages"}],"about":[{"href":"https:\/\/www.esehospitalcimitarra.gov.co\/index.php\/wp-json\/wp\/v2\/types\/page"}],"author":[{"embeddable":true,"href":"https:\/\/www.esehospitalcimitarra.gov.co\/index.php\/wp-json\/wp\/v2\/users\/1"}],"replies":[{"embeddable":true,"href":"https:\/\/www.esehospitalcimitarra.gov.co\/index.php\/wp-json\/wp\/v2\/comments?post=1216"}],"version-history":[{"count":5,"href":"https:\/\/www.esehospitalcimitarra.gov.co\/index.php\/wp-json\/wp\/v2\/pages\/1216\/revisions"}],"predecessor-version":[{"id":1444,"href":"https:\/\/www.esehospitalcimitarra.gov.co\/index.php\/wp-json\/wp\/v2\/pages\/1216\/revisions\/1444"}],"wp:attachment":[{"href":"https:\/\/www.esehospitalcimitarra.gov.co\/index.php\/wp-json\/wp\/v2\/media?parent=1216"}],"curies":[{"name":"wp","href":"https:\/\/api.w.org\/{rel}","templated":true}]}}