{"id":1804,"date":"2021-03-29T11:36:10","date_gmt":"2021-03-29T16:36:10","guid":{"rendered":"http:\/\/www.esehospitalcimitarra.gov.co\/?page_id=1804"},"modified":"2021-05-20T20:48:41","modified_gmt":"2021-05-21T01:48:41","slug":"rendicion-de-cuentas-2020","status":"publish","type":"page","link":"https:\/\/www.esehospitalcimitarra.gov.co\/index.php\/rendicion-de-cuentas-2020\/","title":{"rendered":"Rendici\u00f3n de Cuentas 2020"},"content":{"rendered":"\t\t<div data-elementor-type=\"wp-page\" data-elementor-id=\"1804\" class=\"elementor elementor-1804\">\n\t\t\t\t\t\t<section class=\"elementor-section elementor-top-section elementor-element elementor-element-1da6252 elementor-section-boxed elementor-section-height-default elementor-section-height-default\" data-id=\"1da6252\" data-element_type=\"section\" data-e-type=\"section\">\n\t\t\t\t\t\t<div class=\"elementor-container elementor-column-gap-default\">\n\t\t\t\t\t<div class=\"elementor-column elementor-col-100 elementor-top-column elementor-element elementor-element-eff5c6a\" data-id=\"eff5c6a\" data-element_type=\"column\" data-e-type=\"column\">\n\t\t\t<div class=\"elementor-widget-wrap elementor-element-populated\">\n\t\t\t\t\t\t<div class=\"elementor-element elementor-element-66c57d2 elementor-widget elementor-widget-text-editor\" data-id=\"66c57d2\" data-element_type=\"widget\" data-e-type=\"widget\" data-widget_type=\"text-editor.default\">\n\t\t\t\t<div class=\"elementor-widget-container\">\n\t\t\t\t\t\t\t\t\t<ul><li><h2><span style=\"vertical-align: inherit;\"><span style=\"vertical-align: inherit;\"><span style=\"vertical-align: inherit;\"><span style=\"vertical-align: inherit;\"><span style=\"vertical-align: inherit;\"><span style=\"vertical-align: inherit;\"><span style=\"vertical-align: inherit;\"><span style=\"vertical-align: inherit;\"><a href=\"http:\/\/www.esehospitalcimitarra.gov.co\/wp-content\/uploads\/2021\/03\/Invitacion-Rendicion-de-Cuentas-Vigencia-2020.pdf\"><span style=\"vertical-align: inherit;\"><span style=\"vertical-align: inherit;\"><span style=\"vertical-align: inherit;\"><span style=\"vertical-align: inherit;\"><span style=\"vertical-align: inherit;\"><span style=\"vertical-align: inherit;\"><span style=\"vertical-align: inherit;\"><span style=\"vertical-align: inherit;\">Invitaci\u00f3n Rendici\u00f3n de Cuentas Vigencia 2020<\/span><\/span><\/span><\/span><\/span><\/span><\/span><\/span><\/a><\/span><\/span><\/span><\/span><\/span><\/span><\/span><\/span><\/h2><\/li><li><h2><a href=\"http:\/\/www.esehospitalcimitarra.gov.co\/wp-content\/uploads\/2021\/03\/Reglamento-rendici\u00f3n-de-cuentas-2020.pdf\"><span style=\"vertical-align: inherit;\"><span style=\"vertical-align: inherit;\">Reglamento rendici\u00f3n de cuentas 2020<\/span><\/span><\/a><\/h2><\/li><li><h2><span style=\"vertical-align: inherit;\"><span style=\"vertical-align: inherit;\"><a href=\"http:\/\/www.esehospitalcimitarra.gov.co\/wp-content\/uploads\/2021\/03\/Informe-rendici\u00f3n-de-cuentas-2020.pdf\">Informe rendici\u00f3n de cuentas 2020<\/a><\/span><\/span><\/h2><\/li><li><h2><span style=\"vertical-align: inherit;\"><a href=\"http:\/\/www.esehospitalcimitarra.gov.co\/wp-content\/uploads\/2021\/05\/Acta-de-rendici\u00f3n-de-cuentas-vigencia-2020.pdf\">Acta de rendici\u00f3n de cuentas vigencia 2020<\/a><\/span><\/h2><\/li><li><h2><a href=\"http:\/\/www.esehospitalcimitarra.gov.co\/wp-content\/uploads\/2021\/05\/Informe-de-evaluaci\u00f3n-de-rendici\u00f3n-de-cuentas-2020-control-interno.pdf\">Informe de evaluaci\u00f3n de rendici\u00f3n de cuentas 2020 &#8211; Control interno<\/a><\/h2><\/li><\/ul>\t\t\t\t\t\t\t\t<\/div>\n\t\t\t\t<\/div>\n\t\t\t\t\t<\/div>\n\t\t<\/div>\n\t\t\t\t\t<\/div>\n\t\t<\/section>\n\t\t\t\t<section class=\"elementor-section elementor-top-section elementor-element elementor-element-12b571f elementor-section-boxed elementor-section-height-default elementor-section-height-default\" data-id=\"12b571f\" data-element_type=\"section\" data-e-type=\"section\">\n\t\t\t\t\t\t<div class=\"elementor-container elementor-column-gap-default\">\n\t\t\t\t\t<div class=\"elementor-column elementor-col-50 elementor-top-column elementor-element elementor-element-8921c3a\" data-id=\"8921c3a\" data-element_type=\"column\" data-e-type=\"column\">\n\t\t\t<div class=\"elementor-widget-wrap elementor-element-populated\">\n\t\t\t\t\t\t<div class=\"elementor-element elementor-element-f0519cc elementor-align-center elementor-widget elementor-widget-button\" data-id=\"f0519cc\" data-element_type=\"widget\" data-e-type=\"widget\" data-widget_type=\"button.default\">\n\t\t\t\t<div class=\"elementor-widget-container\">\n\t\t\t\t\t\t\t\t\t<div class=\"elementor-button-wrapper\">\n\t\t\t\t\t<a class=\"elementor-button elementor-button-link elementor-size-sm\" href=\"https:\/\/docs.google.com\/forms\/d\/e\/1FAIpQLSenbyh37Di9I4Ub2UQpbBkB-btXQ-KkF8IXMD7ie_FgXEju8A\/viewform?usp=sf_link\">\n\t\t\t\t\t\t<span class=\"elementor-button-content-wrapper\">\n\t\t\t\t\t\t\t\t\t<span class=\"elementor-button-text\">CONFIRMAR ASISTENCIA RENDICION DE CUENTAS 2020<\/span>\n\t\t\t\t\t<\/span>\n\t\t\t\t\t<\/a>\n\t\t\t\t<\/div>\n\t\t\t\t\t\t\t\t<\/div>\n\t\t\t\t<\/div>\n\t\t\t\t\t<\/div>\n\t\t<\/div>\n\t\t\t\t<div class=\"elementor-column elementor-col-50 elementor-top-column elementor-element elementor-element-1990170\" data-id=\"1990170\" data-element_type=\"column\" data-e-type=\"column\">\n\t\t\t<div class=\"elementor-widget-wrap elementor-element-populated\">\n\t\t\t\t\t\t<div class=\"elementor-element elementor-element-cf7e224 elementor-align-center elementor-widget elementor-widget-button\" data-id=\"cf7e224\" data-element_type=\"widget\" data-e-type=\"widget\" data-widget_type=\"button.default\">\n\t\t\t\t<div class=\"elementor-widget-container\">\n\t\t\t\t\t\t\t\t\t<div class=\"elementor-button-wrapper\">\n\t\t\t\t\t<a class=\"elementor-button elementor-button-link elementor-size-sm\" href=\"https:\/\/docs.google.com\/forms\/d\/e\/1FAIpQLSdF_0zGkkULaK7tFO8yibEpC_7aCNO3TgozY4VzAypBrTmEYA\/viewform?usp=sf_link\">\n\t\t\t\t\t\t<span class=\"elementor-button-content-wrapper\">\n\t\t\t\t\t\t\t\t\t<span class=\"elementor-button-text\"><font style=\"vertical-align: inherit\"><font style=\"vertical-align: inherit\">REALIZAR ENCUESTA RENDICION DE CUENTAS 2020<\/font><\/font><font style=\"vertical-align: inherit\"><font style=\"vertical-align: inherit\"><\/font><\/font><\/span>\n\t\t\t\t\t<\/span>\n\t\t\t\t\t<\/a>\n\t\t\t\t<\/div>\n\t\t\t\t\t\t\t\t<\/div>\n\t\t\t\t<\/div>\n\t\t\t\t\t<\/div>\n\t\t<\/div>\n\t\t\t\t\t<\/div>\n\t\t<\/section>\n\t\t\t\t<\/div>\n\t\t","protected":false},"excerpt":{"rendered":"<p>Invitaci\u00f3n Rendici\u00f3n de Cuentas Vigencia 2020 Reglamento rendici\u00f3n de cuentas 2020 Informe rendici\u00f3n de cuentas 2020 Acta de rendici\u00f3n de cuentas vigencia 2020 Informe de evaluaci\u00f3n de rendici\u00f3n de cuentas [&hellip;]<\/p>\n","protected":false},"author":1,"featured_media":0,"parent":0,"menu_order":0,"comment_status":"closed","ping_status":"closed","template":"","meta":{"footnotes":""},"class_list":["post-1804","page","type-page","status-publish","hentry"],"_links":{"self":[{"href":"https:\/\/www.esehospitalcimitarra.gov.co\/index.php\/wp-json\/wp\/v2\/pages\/1804","targetHints":{"allow":["GET"]}}],"collection":[{"href":"https:\/\/www.esehospitalcimitarra.gov.co\/index.php\/wp-json\/wp\/v2\/pages"}],"about":[{"href":"https:\/\/www.esehospitalcimitarra.gov.co\/index.php\/wp-json\/wp\/v2\/types\/page"}],"author":[{"embeddable":true,"href":"https:\/\/www.esehospitalcimitarra.gov.co\/index.php\/wp-json\/wp\/v2\/users\/1"}],"replies":[{"embeddable":true,"href":"https:\/\/www.esehospitalcimitarra.gov.co\/index.php\/wp-json\/wp\/v2\/comments?post=1804"}],"version-history":[{"count":17,"href":"https:\/\/www.esehospitalcimitarra.gov.co\/index.php\/wp-json\/wp\/v2\/pages\/1804\/revisions"}],"predecessor-version":[{"id":1979,"href":"https:\/\/www.esehospitalcimitarra.gov.co\/index.php\/wp-json\/wp\/v2\/pages\/1804\/revisions\/1979"}],"wp:attachment":[{"href":"https:\/\/www.esehospitalcimitarra.gov.co\/index.php\/wp-json\/wp\/v2\/media?parent=1804"}],"curies":[{"name":"wp","href":"https:\/\/api.w.org\/{rel}","templated":true}]}}