{"id":2912,"date":"2022-04-06T12:00:12","date_gmt":"2022-04-06T17:00:12","guid":{"rendered":"http:\/\/www.esehospitalcimitarra.gov.co\/?page_id=2912"},"modified":"2024-05-28T09:52:56","modified_gmt":"2024-05-28T14:52:56","slug":"rendicion-de-cuentas-2021","status":"publish","type":"page","link":"https:\/\/www.esehospitalcimitarra.gov.co\/index.php\/rendicion-de-cuentas-2021\/","title":{"rendered":"Rendici\u00f3n de Cuentas 2021"},"content":{"rendered":"\t\t<div data-elementor-type=\"wp-page\" data-elementor-id=\"2912\" class=\"elementor elementor-2912\">\n\t\t\t\t\t\t<section class=\"elementor-section elementor-top-section elementor-element elementor-element-1da6252 elementor-section-boxed elementor-section-height-default elementor-section-height-default\" data-id=\"1da6252\" data-element_type=\"section\" data-e-type=\"section\">\n\t\t\t\t\t\t<div class=\"elementor-container elementor-column-gap-default\">\n\t\t\t\t\t<div class=\"elementor-column elementor-col-100 elementor-top-column elementor-element elementor-element-eff5c6a\" data-id=\"eff5c6a\" data-element_type=\"column\" data-e-type=\"column\">\n\t\t\t<div class=\"elementor-widget-wrap elementor-element-populated\">\n\t\t\t\t\t\t<div class=\"elementor-element elementor-element-66c57d2 elementor-widget elementor-widget-text-editor\" data-id=\"66c57d2\" data-element_type=\"widget\" data-e-type=\"widget\" data-widget_type=\"text-editor.default\">\n\t\t\t\t<div class=\"elementor-widget-container\">\n\t\t\t\t\t\t\t\t\t<ul><li><h2><a href=\"http:\/\/www.esehospitalcimitarra.gov.co\/wp-content\/uploads\/2022\/04\/Invitacion-Rendicion-de-Cuentas-Vigencia-2021-1.pdf\">Invitaci\u00f3n Rendici\u00f3n De Cuentas Vigencia 2021<\/a><\/h2><\/li><li><h2><a href=\"http:\/\/www.esehospitalcimitarra.gov.co\/wp-content\/uploads\/2022\/05\/Informe-rendicio\u0301n-de-cuentas-2021.pdf\">Informe Rendicio\u0301n De Cuentas Vigencia 2021<\/a><\/h2><\/li><li><h2><a href=\"http:\/\/www.esehospitalcimitarra.gov.co\/wp-content\/uploads\/2022\/06\/Reglamento-rendici\u00f3n-de-cuentas.pdf\">Reglamento Rendici\u00f3n de cuentas Vigencia 2021<\/a><\/h2><\/li><li><h2><a href=\"http:\/\/www.esehospitalcimitarra.gov.co\/wp-content\/uploads\/2022\/06\/PRESENTACION-RENDICION-CUENTAS-07-06-2022.pdf\">Presentaci\u00f3n Rendicion De Cuentas Vigencia 2021 <\/a><\/h2><\/li><li><h2><a href=\"http:\/\/www.esehospitalcimitarra.gov.co\/wp-content\/uploads\/2022\/06\/Concepto-de-Viabilidad.pdf\">Concepto de Viabilidad Rendici\u00f3n De Cuentas Vigencia 2021<\/a><\/h2><\/li><li><h2><a href=\"http:\/\/www.esehospitalcimitarra.gov.co\/wp-content\/uploads\/2022\/06\/Informe-Evaluacion-Rendicion-de-Cuentas.pdf\">Informe Evaluaci\u00f3n Rendici\u00f3n De Cuentas vigencia 2021<\/a><\/h2><\/li><\/ul>\t\t\t\t\t\t\t\t<\/div>\n\t\t\t\t<\/div>\n\t\t\t\t\t<\/div>\n\t\t<\/div>\n\t\t\t\t\t<\/div>\n\t\t<\/section>\n\t\t\t\t<section class=\"elementor-section elementor-top-section elementor-element elementor-element-12b571f elementor-section-boxed elementor-section-height-default elementor-section-height-default\" data-id=\"12b571f\" data-element_type=\"section\" data-e-type=\"section\">\n\t\t\t\t\t\t<div class=\"elementor-container elementor-column-gap-default\">\n\t\t\t\t\t<div class=\"elementor-column elementor-col-100 elementor-top-column elementor-element elementor-element-1990170\" data-id=\"1990170\" data-element_type=\"column\" data-e-type=\"column\">\n\t\t\t<div class=\"elementor-widget-wrap elementor-element-populated\">\n\t\t\t\t\t\t<div class=\"elementor-element elementor-element-cf7e224 elementor-align-center elementor-widget elementor-widget-button\" data-id=\"cf7e224\" data-element_type=\"widget\" data-e-type=\"widget\" data-widget_type=\"button.default\">\n\t\t\t\t<div class=\"elementor-widget-container\">\n\t\t\t\t\t\t\t\t\t<div class=\"elementor-button-wrapper\">\n\t\t\t\t\t<a class=\"elementor-button elementor-button-link elementor-size-sm\" href=\"https:\/\/docs.google.com\/forms\/d\/e\/1FAIpQLSfVWjAiBeJ6sFuLHeoArzfpCBKYWGM5UAx9lG6SC4CDXFPUUg\/viewform?usp=sf_link\">\n\t\t\t\t\t\t<span class=\"elementor-button-content-wrapper\">\n\t\t\t\t\t\t\t\t\t<span class=\"elementor-button-text\"><font style=\"vertical-align: inherit\">FORMULARIO PREGUNTAS RENDICION DE CUENTAS VIGENCIA 2021<\/font><\/span>\n\t\t\t\t\t<\/span>\n\t\t\t\t\t<\/a>\n\t\t\t\t<\/div>\n\t\t\t\t\t\t\t\t<\/div>\n\t\t\t\t<\/div>\n\t\t\t\t\t<\/div>\n\t\t<\/div>\n\t\t\t\t\t<\/div>\n\t\t<\/section>\n\t\t\t\t<\/div>\n\t\t","protected":false},"excerpt":{"rendered":"<p>Invitaci\u00f3n Rendici\u00f3n De Cuentas Vigencia 2021 Informe Rendicio\u0301n De Cuentas Vigencia 2021 Reglamento Rendici\u00f3n de cuentas Vigencia 2021 Presentaci\u00f3n Rendicion De Cuentas Vigencia 2021 Concepto de Viabilidad Rendici\u00f3n De Cuentas [&hellip;]<\/p>\n","protected":false},"author":1,"featured_media":0,"parent":0,"menu_order":0,"comment_status":"closed","ping_status":"closed","template":"","meta":{"footnotes":""},"class_list":["post-2912","page","type-page","status-publish","hentry"],"_links":{"self":[{"href":"https:\/\/www.esehospitalcimitarra.gov.co\/index.php\/wp-json\/wp\/v2\/pages\/2912","targetHints":{"allow":["GET"]}}],"collection":[{"href":"https:\/\/www.esehospitalcimitarra.gov.co\/index.php\/wp-json\/wp\/v2\/pages"}],"about":[{"href":"https:\/\/www.esehospitalcimitarra.gov.co\/index.php\/wp-json\/wp\/v2\/types\/page"}],"author":[{"embeddable":true,"href":"https:\/\/www.esehospitalcimitarra.gov.co\/index.php\/wp-json\/wp\/v2\/users\/1"}],"replies":[{"embeddable":true,"href":"https:\/\/www.esehospitalcimitarra.gov.co\/index.php\/wp-json\/wp\/v2\/comments?post=2912"}],"version-history":[{"count":31,"href":"https:\/\/www.esehospitalcimitarra.gov.co\/index.php\/wp-json\/wp\/v2\/pages\/2912\/revisions"}],"predecessor-version":[{"id":3965,"href":"https:\/\/www.esehospitalcimitarra.gov.co\/index.php\/wp-json\/wp\/v2\/pages\/2912\/revisions\/3965"}],"wp:attachment":[{"href":"https:\/\/www.esehospitalcimitarra.gov.co\/index.php\/wp-json\/wp\/v2\/media?parent=2912"}],"curies":[{"name":"wp","href":"https:\/\/api.w.org\/{rel}","templated":true}]}}